e 16?
-12
What is -1 (base 12) in base 11?
-1
What is 12 (base 11) in base 9?
14
102 (base 3) to base 10
11
Convert 11 (base 3) to base 6.
4
What is 100100 (base 2) in base 14?
28
Convert 13 (base 10) to base 12.
11
Convert 224 (base 7) to base 10.
116
What is -7 (base 10) in base 9?
-7
Convert -46 (base 7) to base 10.
-34
Convert -4 (base 16) to base 12.
-4
What is 352 (base 9) in base 8?
442
Convert -5 (base 10) to base 15.
-5
-120 (base 6) to base 4
-300
Convert -30 (base 7) to base 11.
-1a
What is -8 (base 10) in base 5?
-13
1 (base 14) to base 5
1
a6 (base 12) to base 11
105
Convert 3 (base 16) to base 5.
3
What is 2b (base 12) in base 4?
203
Convert -b (base 16) to base 14.
-b
What is -27 (base 13) in base 7?
-45
What is 3b (base 15) in base 10?
56
What is 153 (base 13) in base 10?
237
64 (base 9) to base 4
322
What is 77 (base 9) in base 11?
64
What is 3 (base 7) in base 6?
3
What is 232 (base 5) in base 12?
57
-4 (base 12) to base 16
-4
What is -3 (base 5) in base 4?
-3
2 (base 15) to base 6
2
4 (base 15) to base 12
4
Convert 131 (base 5) to base 9.
45
What is 18 (base 15) in base 10?
23
Convert 15 (base 14) to base 16.
13
Convert 30 (base 7) to base 14.
17
Convert 2b (base 15) to base 11.
38
Convert -101 (base 3) to base 4.
-22
Convert -11 (base 15) to base 14.
-12
Convert 2 (base 12) to base 8.
2
-3 (base 7) to base 3
-10
What is -2 (base 15) in base 13?
-2
1000011 (base 2) to base 12
57
What is 0 (base 4) in base 5?
0
Convert 21 (base 15) to base 3.
1011
14 (base 10) to base 7
20
Convert 12 (base 3) to base 15.
5
Convert -1021 (base 4) to base 5.
-243
24 (base 6) to base 16
10
Convert 474 (base 8) to base 12.
224
1202 (base 3) to base 7
65
24 (base 6) to base 10
16
Convert 51 (base 15) to base 6.
204
What is 0 (base 6) in base 15?
0
Convert -6 (base 16) to base 12.
-6
What is 23 (base 7) in base 9?
18
-a (base 14) to base 11
-a
Convert 2 (base 6) to base 9.
2
1 (base 10) to base 6
1
Convert 236 (base 13) to base 3.
112012
Convert -50 (base 13) to base 2.
-1000001
What is 41 (base 10) in base 3?
1112
-2 (base 5) to base 7
-2
-10 (base 2) to base 9
-2
33 (base 5) to base 6
30
What is 10 (base 8) in base 9?
8
What is -6 (base 8) in base 6?
-10
What is 242 (base 5) in base 7?
132
2a (base 14) to base 2
100110
83 (base 13) to base 15
72
Convert 1231 (base 4) to base 10.
109
What is -1 (base 16) in base 14?
-1
Convert -31 (base 8) to base 6.
-41
Convert -30 (base 13) to base 5.
-124
32 (base 8) to base 10
26
Convert 311 (base 5) to base 6.
213
2 (base 14) to base 4
2
What is -10 (base 6) in base 4?
-12
2 (base 10) to base 5
2
-125 (base 12) to base 16
-ad
Convert 30 (base 10) to base 2.
11110
1144 (base 6) to base 5
2110
-11 (base 9) to base 3
-101
Convert 16 (base 11) to base 12.
15
150 (base 8) to base 3
10212
1 (base 7) to base 14
1
What is -55 (base 10) in base 11?
-50
Convert 1a (base 14) to base 10.
24
Convert 1 (base 14) to base 4.
1
What is -11110 (base 2) in base 10?
-30
What is 10011110 (base 2) in base 10?
158
Convert 6 (base 13) to base 8.
6
-2 (base 10) to base 7
-2
-b (base 14) to base 5
-21
What is -52 (base 11) in base 3?
-2010
-1211 (base 3) to base 5
-144
Convert -2 (base 3) to base 4.
-2
What is 12 (base 10) in base 8?
14
What is -41 (base 7) in base 8?
-35
What is -63 (base 16) in base 15?
-69
-11 (base 9) to base 3
-101
-57 (base 10) to base 16
-39
What is 1ab (base 13) in base 5?
2220
What is -10011111 (base 2) in base 11?
-135
What is 20 (base 12) in base 11?
22
-4 (base 10) to base 15
-4
Convert c0 (base 15) to base 10.
180
What is 110 (base 3) in base 12?
10
What is -2 (base 15) in base 7?
-2
Convert 13 (base 4) to base 2.
111
Convert -122 (base 4) to base 3.
-222
Convert 3 (base 8) to base 4.
3
8 (base 9) to base 3
22
What is -12 (base 7) in base 13?
-9
1 (base 14) to base 12
1
What is -1 (base 2) in base 10?
-1
What is -22 (base 7) in base 6?
-24
Convert -3 (base 6) to base 11.
-3
What is -100 (base 3) in base 6?
-13
Convert 12 (base 15) to base 2.
10001
-26 (base 7) to base 6
-32
What is 2 (base 7) in base 12?
2
Convert -11 (base 6) to base 3.
-21
-10 (base 3) to base 7
-3
-221 (base 5) to base 2
-111101
What is -13 (base 10) in base 4?
-31
16 (base 13) to base 12
17
What is b (base 15) in base 2?
1011
Convert -b3 (base 13) to base 14.
-a6
12 (base 10) to base 2
1100
-c (base 14) to base 11
-11
Convert 3 (base 7) to base 13.
3
What is -2 (base 5) in base 10?
-2
Convert 221 (base 3) to base 9.
27
8a (base 11) to base 15
68
What is -53 (base 7) in base 4?
-212
0 (base 10) to base 15
0
Convert -505 (base 6) to base 10.
-185
What is -3 (base 7) in base 5?
-3
25 (base 11) to base 2
11011
What is 0 (base 2) in base 4?
0
Convert 106 (base 9) to base 10.
87
What is -3 (base 7) in base 6?
-3
-10001 (base 2) to base 7
-23
-1430 (base 5) to base 10
-240
0 (base 2) to base 5
0
Convert -120 (base 6) to base 12.
-40
What is -21 (base 8) in base 11?
-16
-1011 (base 2) to base 10
-11
What is 7 (base 8) in base 4?
13
1 (base 11) to base 14
1
9 (base 10) to base 2
1001
-12 (base 15) to base 9
-18
What is 11a (base 13) in base 3?
21010
-11 (base 8) to base 11
-9
Convert 12 (base 3) to base 11.
5
41 (base 7) to base 6
45
Convert -24 (base 6) to base 3.
-121
What is 1011010 (base 2) in base 5?
330
Convert -54 (base 6) to base 3.
-1021
Convert 1 (base 4) to base 7.
1
What is 4 (base 10) in base 5?
4
-2 (base 16) to base 12
-2
What is -1 (base 5) in base 16?
-1
Convert -20 (base 5) to base 10.
-10
-103 (base 12) to base 16
-93
0 (base 5) to base 3
0
Convert -3 (base 8) to base 15.
-3
What is 1 (base 16) in base 7?
1
What is -2 (base 9) in base 7?
-2
-65 (base 16) to base 3
-10202
Convert 3 (base 13) to base 3.
10
2 (base 16) to base 13
2
-3 (base 7) to base 15
-3
244 (base 5) to base 12
62
Convert 22 (base 4) to base 8.
12
What is 113 (base 4) in base 15?
18
What is -50 (base 7) in base 6?
-55
Convert -42 (base 5) to base 6.
-34
1 (base 7) to base 8
1
Convert 110000111 (base 2) to base 4.
12013
-2 (base 15) to base 4
-2
11 (base 2) to base 12
3
Convert -212 (base 6) to base 8.
-120
What is -108 (base 16) in base 12?
-1a0
Convert -1 (base 13) to base 14.
-1
Convert -1 (base 14) to base 3.
-1
What is 2 (base 4) in base 5?
2
What is 3 (base 6) in base 14?
3
Convert -a (base 11) to base 2.
-1010
What is -211 (base 4) in base 15?
-27
What is -13 (base 13) in base 6?
-24
-143 (base 5) to base 14
-36
2 (base 6) to base 9
2
What is 31 (base 10) in base 14?
23
5 (base 10) to base 14
5
Convert 200 (base 3) to base 15.
13
Convert 1 (base 16) to base 3.
1
Convert -14 (base 6) to base 16.
-a
131 (base 5) to base 4
221
What is -12 (base 6) in base 12?
-8
Convert -13 (base 7) to base 8.
-12
7 (base 16) to base 7
10
8 (base 12) to base 10
8
What is -3 (base 11) in base 7?
-3
What is 121 (base 3) in base 14?
12
What is -1b (base 13) in base 7?
-33
Convert 11 (base 3) to base 9.
4
What is 13 (base 10) in base 2?
1101
-2 (base 4) to base 15
-2
Convert -32 (base 16) to base 15.
-35
What is -5 (base 8) in base 3?
-12
1d (base 14) to base 3
1000
Convert -61 (base 10) to base 5.
-221
Convert -4 (base 13) to base 16.
-4
What is 2211 (base 3) in base 7?
136
What is 7 (base 8) in base 4?
13
What is -1 (base 13) in base 6?
-1
Convert -4 (base 14) to base 16.
-4
What is -59 (base 16) in base 9?
-108
What is -21 (base 8) in base 7?
-23
Convert 1101 (base 2) to base 3.
111
Convert -1 (base 13) to base 12.
-1
-178 (base 9) to base 12
-108
What is -101101110 (base 2) in base 6?
-1410
20 (base 5) to base 7
13
What is 1011 (base 2) in base 16?
b
-20020 (base 3) to base 14
-c0
Convert 11 (base 2) to base 10.
3
Convert 20 (base 5) to base 2.
1010
What is -22 (base 5) in base 14?
-c
What is -110000 (base 3) in base 14?
-192
What is -220 (base 7) in base 2?
-1110000
Convert 26 (base 12) to base 15.
20
-3 (base 5) to base 10
-3
-1 (base 10) to base 6
-1
42 (base 14) to base 12
4a
Convert 21 (base 5) to base 11.
10
13 (base 13) to base 7
22
What is -14 (base 9) in base 8?
-15
Convert -122 (base 3) to base 4.
-101
0 (base 8) to base 14
0
Convert -81 (base 10) to base 13.
-63
-1110101 (base 2) to base 7
-225
10010 (base 2) to base 10
18
-7 (base 13) to base 7
-10
What is -2 (base 5) in base 8?
-2
Convert 62 (base 8) to base 10.
50
5 (base 13) to base 4
11
What is -32 (b